+ 0*y = 3*o - h, 2*o + y - 4 = 0. Give v(o).
-3
Let w = -20 - -16. Let r(k) be the first derivative of -1 - 1/4*k**4 - 5/3*k**3 + 4*k - 2*k**2. Calculate r(w).
4
Let n be 25/(-10)*8/(-10). Let d(l) = -6 + 4 - 4*l - l**n + 0. Determine d(-4).
-2
Let z(g) = 4*g - 8. Suppose 0*u = -3*q + 4*u + 6, 2*q - 4*u = 0. Determine z(q).
16
Let b(k) = k - 1. Let p(z) = -z**2 + 0 + z**3 + 1 + 0*z**3 + 0*z**3. Let r be p(1). Calculate b(r).
0
Let a(d) = 6*d**3 + 2*d**2 - d. Let m(h) = 2*h + 47. Let v be m(-23). Determine a(v).
7
Suppose 0*k = 4*k. Let v be (-3 + 8)*(1 - k). Suppose 2*j - 2 = -v*y, 2*j - 2*y - 2 = -0*j. Let z(u) = 6*u**2. Determine z(j).
6
Let u(k) be the first derivative of -k**3/3 - 5*k**2/2 - 1. Let h(j) = j - 5. Let i be h(4). Let f be (-1)/(i - (-8)/6). Calculate u(f).
6
Let j(p) be the third derivative of -5*p**4/24 - p**3/2 + 34*p**2. Calculate j(-2).
7
Let i(r) = -r**2 + 7. Suppose t = 5*t. Suppose -3*f + 4*f = t. Give i(f).
7
Let t(b) = b**3 + 7*b**2 - 6*b + 11. Let d be t(-8). Let n(g) = 2*g - 6 + 4*g + g**2 - 3*g. Give n(d).
4
Let c(o) be the first derivative of -o**4/12 - o**3/6 - o**2/2 - 6. Let g(u) be the second derivative of c(u). Calculate g(1).
-3
Let j be 10/(-15)*(-3)/1. Let a(m) be the third derivative of 0*m**3 + 0*m**5 - 1/12*m**4 + 0 + m**j + 1/120*m**6 + 0*m. Give a(2).
4
Let m(t) = -26*t - 23*t + 46*t - 1. Calculate m(2).
-7
Suppose i = -5*k - 4, 3*i + 0*i + 2*k - 14 = 0. Let q(n) = -n**2 + 6*n - 8. Calculate q(i).
-8
Let m(v) be the first derivative of v**3/3 + 3*v**2 + v + 15. Give m(-5).
-4
Let w be 2 + -3*(-4)/(-3). Let b(a) = -4 - a + 3 - 2*a. Determine b(w).
5
Let u(d) = -2*d - 4. Let p(q) = -q**2 + 6*q. Let y be p(4). Let n = -5 + y. Let i be (-1)/n + (-14)/3. Give u(i).
6
Let w(d) be the first derivative of -2 + 0*d**2 + 4*d - 1/3*d**3. Give w(-3).
-5
Suppose 0 = -d - 2*d + 15. Let v(f) = d*f**3 - 2*f**3 + 3*f**3 - 1 + 2*f + f**3. Determine v(1).
8
Suppose -w - 21 + 15 = 0. Let h(f) = -f - 8. What is h(w)?
-2
Let a(t) = t**2 + 2*t - 3. Let p be a(-3). Let i(d) = 6*d + p*d - 6 - d. Give i(4).
14
Let k(s) = s**2 + 9*s + 8. Suppose 3*i - q = 21, -3*i + 12 = -4*q - 0. Let o be -16 + i + -1 + 3. What is k(o)?
-10
Let p(r) = r**3 - r**2 + r - 1. Let z(l) = 6*l**2 - 2*l + 1. Let m be z(1). Suppose 7*u - m = 2*u. What is p(u)?
0
Suppose x - 2*c = -3, 4*x + 2 + 10 = 3*c. Let r = -1 - x. Let l(n) = n**2 - 4 + 6 + 0*n**r + 2*n. Calculate l(-3).
5
Let s(f) = 9 - 7*f - 13*f + 29. Let d be 1/(-2)*(-132)/(-11). Let v(b) = 7*b - 13. Let u(y) = d*s(y) - 17*v(y). Determine u(4).
-3
Let d(y) be the first derivative of -3*y**4/4 + 2*y**3 + y**2 + 8*y - 2. Let s(f) = -f**3. Let q(z) = d(z) - 4*s(z). Determine q(-6).
-4
Let h(u) = -5*u**2 - 2*u - 1. Suppose -3*r = 5*p - 6*r - 4, -2*p - 14 = 4*r. Calculate h(p).
-4
Let j(o) = o**2 - 4*o - 7. Let l be j(6). Let t(s) = -s**2 + 7*s - 7. Give t(l).
3
Let y be -4*(-1 - (-1)/4). Suppose 3*u - 2*a + 1 = 4, -a = -u. Let c(d) = 0*d**2 - 2 + 2*d**2 + 1 + u - 4*d. What is c(y)?
8
Let k(l) = -5*l. Let v(a) = -2*a + 1. Let o be v(0). Calculate k(o).
-5
Let a(b) be the second derivative of -b**5/20 - 5*b**4/12 - 2*b**3/3 + 2*b. Let q(t) = t**3 - 6*t**2 - 7*t - 4. Let z be q(7). Give a(z).
0
Let d(n) = -2*n - 1. Let v(j) = -j**2 + j. Let x(y) = 3*d(y) + 2*v(y). Calculate x(-2).
-3
Let c(z) = 2*z - 1. Let l be (-9)/12 - (-38)/8. Let n(f) = -2*f**3 - 2*f**2 + f. Let w be n(1). Let o(y) = y - 1. Let h(s) = l*o(s) + w*c(s). Give h(-1).
1
Let r(f) be the third derivative of f**4/24 + 7*f**3/6 - f**2. Let t = -18 - -11. What is r(t)?
0
Let y(h) = 10*h**2 + 15*h + 5. Let f(q) be the third derivative of -7*q**5/60 - 5*q**4/12 - q**3/2 - 4*q**2. Let x(c) = -7*f(c) - 5*y(c). What is x(-3)?
2
Let n be (4 - 6) + 4 + -8. Let j(k) be the second derivative of k**5/20 + 5*k**4/12 - 5*k**3/6 + 4*k**2 + 2*k. Give j(n).
2
Let c = 12 - 1. Let y = c - 10. Let i(t) = -t + 5*t - 4*t - y - t. Determine i(1).
-2
Let b = -3 + 5. Let u(d) = d**2 + 1. Let g(m) = 3*m**2 + 2*m + 8. Let q be 7 + -5 - (3 + 0). Let i(f) = q*g(f) + 6*u(f). Calculate i(b).
6
Let o = 14 + -8. Let c(q) = -q**2 + 2 + 1 + o*q + 0*q**2. Calculate c(6).
3
Let d = -7 + 12. Suppose 4*c = 7*u - 3*u - 20, -20 = d*c. Suppose 6 = 2*f - 4*h, h = -3*f - 11 - u. Let k(m) = -m**3 - 4*m**2 - 3*m - 4. Calculate k(f).
-4
Let s(r) = -r**3 - r**2 + 3*r + 1. Let v(f) = -f**2 - 11*f - 2. Let p be v(-11). Calculate s(p).
-1
Let c(x) be the third derivative of -x**4/12 - x**3/3 - 11*x**2. What is c(4)?
-10
Let m be 2 + (2 - (-8)/4). Let r(q) = q**3 - 5*q**2 - 7*q + 5. Determine r(m).
-1
Let z(k) = 3*k - 11. Let o(h) = -8*h + 31. Let y(u) = 4*o(u) + 11*z(u). Calculate y(-4).
-1
Let o(p) = p**2 - 2*p - 4. Let g be 9 + 14 - (1 + 1). Let k be -3 + (g/1)/3. What is o(k)?
4
Let f(r) = 14*r**2 + 2*r + 1. Let z(m) = 13*m**2 + 2*m + 1. Let d(v) = -5*f(v) + 6*z(v). Calculate d(-1).
7
Let w(y) = 2*y - 3. Let r be w(2). Let n(a) = 5*a. Let b(c) = -14*c. Let t(i) = 5*b(i) + 15*n(i). Let v(k) = 5*k. Let u(x) = 4*t(x) - 3*v(x). Give u(r).
5
Let u(z) be the first derivative of z**3/3 + z**2/2 - 7*z + 19. Calculate u(0).
-7
Let y(z) = z**3 - 4*z**2 + z - 1. Let d(c) = -4*c**3 + c**2 + c. Let v = -15 + 14. Let k be d(v). Determine y(k).
3
Let n = -7 - -4. Let u(x) = -9*x**3 + 3*x**2 + 3*x - 1. Let c(t) = -10*t**3 + 4*t**2 + 4*t - 1. Let i(b) = n*c(b) + 4*u(b). What is i(-1)?
5
Let x(o) = o**2 - 2*o - 1. Let c(g) = 4*g**3 + g**2 - g. Let y be c(1). What is x(y)?
7
Let z be 6/(9/((-27)/(-6))). Let x(l) = 5*l - 2. Let p(v) = -21*v + 8. Let q(r) = -4*p(r) - 18*x(r). Give q(z).
-14
Let l(d) = 6*d**2 - 6*d. Let w(p) = p**2 + p. Let u(x) = 7*x**2 + x. Let s(o) = -u(o) + 4*w(o). Let q(n) = 6*l(n) + 11*s(n). Calculate q(2).
6
Let c be (3/(-3))/(2*3/(-36)). Let w(m) = -m**3 + 7*m**2 - 6*m + 2. Give w(c).
2
Let o(s) = -s - 1. Suppose -2*l + 5*y + 23 = l, 0 = -2*l - y + 11. Let m be 18/4 + (-3)/l. Suppose u + u = m*p - 4, -5*u = 3*p + 10. What is o(u)?
1
Let w(c) = -2*c**2 - 4 + 4*c - 3*c + 4*c - 4*c. What is w(-3)?
-25
Let a be (1/(-2))/((-1)/4). Let d(h) = 2*h**2 + h + 2. Determine d(a).
12
Suppose b + 3 - 1 = 0. Let a be 9 + (6/(-1))/b. Let y be ((-8)/a)/(1/(-3)). Let i(o) = -o + 1. What is i(y)?
-1
Let f = 277/6264 - 2/783. Let s(y) be the third derivative of -1/6*y**3 + 0 + f*y**4 + 2*y**2 + 0*y. What is s(-4)?
-5
Let f(m) be the first derivative of 5*m**2/2 + m - 2. Give f(1).
6
Let w = 9 - 9. Suppose w*d = -2*d. Let l(j) = -j**3 - j**2 - j - 6. Determine l(d).
-6
Let m(v) = -7*v**2 + 2*v + 8. Let f(y) = -13*y**2 + 3*y + 15. Let i(t) = 6*f(t) - 11*m(t). What is i(-5)?
-3
Let c = 35 + -12. Let s = -23 + c. Let x(q) = q**3 - q**2 - q + 9. Calculate x(s).
9
Let v(x) = x**3 + 6*x**2 + x. Let n be v(-6). Let m(b) = 7*b - 3. Let i(a) be the second derivative of -a**3/6 - 11*a. Let p(q) = n*i(q) - m(q). Give p(2).
1
Let l(r) = r - 5. Let d(w) be the first derivative of -w**2/2 + 15*w - 4. Let v be d(7). Let u(s) = -s + 8. Let p be u(v). Determine l(p).
-5
Let s be -3 - (1 + (3 - 2)). Let c(j) = 3*j**3 - 6*j**2 + 3*j + 3. Let n(y) = y**3 - 3*y**2 + y + 1. Let o(v) = s*n(v) + 2*c(v). What is o(-2)?
3
Let z(d) = 5 + 2*d - 6*d + 9*d - d**2. What is z(5)?
5
Let z(k) = -k. Let o = 8 + -6. Suppose 0*m - 10 = -o*m. Suppose 0*d - m = 5*d. Give z(d).
1
Let x(m) = 6*m**2 + 14*m - 5. Let i(k) = -4*k**2 - 9*k + 3. Let l(a) = -8*i(a) - 5*x(a). Determine l(-2).
5
Let s(t) be the first derivative of -4*t**2 - 1/3*t**3 + 8 - 4*t. Determine s(-7).
3
Let h(p) = 9*p**3 - 2*p + 1. Suppose 0*z + 6 = z. Let g = z + -2. Let x be (1/2)/(g/8). What is h(x)?
8
Let g(j) = -7*j + 5. Let p(z) = -z. Let w(q) = -g(q) + 5*p(q). Suppose -5*h = 3*f - 31, h - 4*h + 25 = 5*f. Determine w(h).
5
Let n = 3 - 4. Let h = n - 2. Let x(a) = -2 - 6*a + 3*a**2 + a - 4*a**2. Determine x(h).
4
Let w be (-126)/27 + ((-10)/(-6) - 1). Let o(t) = 2*t + 2. Determine o(w).
-6
Let v be (-1)/(-3) - 280/(-60). Let q(h) = -h + 2. Calculate q(v).
-3
Let r(y) = y**2 - 9*y + 9. Suppose -13*x + 10*x + 21 = 0. Calculate r(x).
-5
Let d(s) = 8*s**2 + 2 + 8*s + 2*s**3 - 1 - s**3. Let x be 1*-21*(-3 + 10/3). Calculate d(x).
-6
Let d(s) be the second derivative of 2*s**3/3 + s**2/2 - 8*s. Calculate d(-1).
-3
Suppose 0 = -4*p - 2*a + 14, -4*a + 3 = 15. Let u(i) be t